= g*f. What are the prime factors of f?
2, 7
Let v be (-520)/(-91) + 4/14. Let z = 11 - v. Suppose -z*x = -2*c + 24, x - 8 - 18 = -c. What are the prime factors of c?
2, 11
What are the prime factors of ((-1134)/30)/((-1)/5)?
3, 7
List the prime factors of (-67)/((-10)/3 - -3).
3, 67
Let p = -777 - -3040. List the prime factors of p.
31, 73
Let u(a) be the second derivative of a**4/6 - 13*a**3/6 - a**2 - 3*a. Let g be u(6). List the prime factors of (-274)/g + 1/(-4).
2, 17
Let b be (8/(-6))/(3/(-9)). Let u(l) = l**3 - 3*l**2 - 3*l + 3. Let d be u(b). Suppose -4*p = -2*x + d*x - 118, 0 = 2*x - 5*p - 34. List the prime factors of x.
2, 11
Suppose -24*p - 1696 = -28*p. List the prime factors of p.
2, 53
Let p(h) = h**2 - 2*h - 1. Let d(b) = 15*b - 5. Let c(x) = -2*d(x) - 2*p(x). List the prime factors of c(-9).
2, 3, 7
Let t = -38 - -48. Suppose t - 43 = -3*c. List the prime factors of c.
11
Suppose z + x - 60 = 0, 3*z + x + 53 = 227. Suppose b + q = z, 7*q - 287 = -5*b + 3*q. What are the prime factors of b?
59
Suppose 629 - 45 = 2*n. Suppose 52 - n = -4*s. What are the prime factors of s?
2, 3, 5
Let x = -132 - -719. List the prime factors of x.
587
Let c be ((-9)/4)/(2/16). Let x(l) = -l**2 + 16*l + 5. Let n be x(14). Let p = n + c. What are the prime factors of p?
3, 5
Let i be -3*5*13/39. Let k be i/((-5)/7) + 2. Let s = k + -2. What are the prime factors of s?
7
Let p(m) = -6*m + 433. What are the prime factors of p(0)?
433
Let a(x) = -x - 6. Let g(v) = v - 1. Let j(n) = a(n) - 3*g(n). Let z be j(-5). Let w = 9 + z. What are the prime factors of w?
2, 13
Suppose -3*y = 3*i - 39, -4*i = y - i - 5. Suppose 0 = -4*n + 137 - y. Let v = -21 + n. What are the prime factors of v?
3
Let y be 5 + -2 + 15/(-5) + 202. Let d = y - 20. What are the prime factors of d?
2, 7, 13
Suppose -2*u = -3*p - 6, 2*p - 4*p = 0. Suppose 8*h - u*h - 1048 = -2*l, 0 = h - l - 211. List the prime factors of (27/45)/(2/h).
3, 7
Suppose -5*y = -2*s + 57, -3*y = 3 - 0. List the prime factors of s.
2, 13
Suppose -9*h + 4*h = 0. Suppose h = -4*t + 5*t - 5. Suppose 2*q - 18 = -t*u + 47, 2*q - 3*u - 57 = 0. List the prime factors of q.
2, 3, 5
Let x be (-966)/12 + (-2)/(-4). List the prime factors of (32/10)/((-8)/x).
2
Let r(d) = -d**3 - 8*d**2 - 2*d - 12. Suppose -2*m = m + 24. Let q be r(m). What are the prime factors of (7/q)/(1/20)?
5, 7
Suppose 0 = -2*w + 4*f - 2*f + 1382, 1384 = 2*w - f. What are the prime factors of w?
3, 7, 11
Let b = -8 + 6. Let c(n) be the second derivative of -3*n**5/10 - n**4/4 - n**3/3 + n**2/2 + 9*n. What are the prime factors of c(b)?
41
Suppose 6*j + 589 = -119. Let p = j + 214. What are the prime factors of p?
2, 3
What are the prime factors of (-1 + (2 - 7))*248/(-6)?
2, 31
Suppose b + 0*b = 0. Let f = b - -13. Let y = -1 + f. List the prime factors of y.
2, 3
Suppose 0 = -19*b + 14*b + 20. Suppose 0*t + 3*m = -t + 76, -b*m = -t + 41. What are the prime factors of t?
61
Let f(s) = -2*s + 3. Suppose -2*v = -5*v - 3. Let m(h) = h. Let i(d) = v*f(d) - m(d). List the prime factors of i(5).
2
Suppose 4*k - 5*k + 212 = -2*p, k + 5*p - 212 = 0. List the prime factors of k.
2, 53
Suppose -31*j + 89088 = -15*j. What are the prime factors of j?
2, 3, 29
Suppose -3*o + 5*l + 568 = 0, 3*o - l + 2*l = 556. Suppose -2*k - 3 + 117 = 4*a, -3*k - 3*a = -o. List the prime factors of k.
67
Suppose -4*c = 2*w - 8, 2*w = -4*c - 2*w. Suppose 596 + 100 = c*a. Suppose -3*q - 2*q + f = -a, -q = -3*f - 46. What are the prime factors of q?
2, 17
Let k(r) = -r + 7. Suppose -5 + 11 = -m + 3*v, 2*m + 12 = -v. Let p be k(m). Suppose 12*d = p*d - 42. List the prime factors of d.
2, 3, 7
Let l(x) = -38*x + 28. What are the prime factors of l(-9)?
2, 5, 37
Suppose 9*x - 14*x - 25 = 0. Let c(t) = t**2 + 2*t - 8. Let a be c(x). Suppose -a*m + 3*m = -3*b + 94, -167 = -4*b - 3*m. List the prime factors of b.
2, 19
Let z = -99 + 125. What are the prime factors of z?
2, 13
Let z be 15/10 + (-33)/2. Let o be 2/(-5) - 6/z. Suppose o = -0*c + 4*c - 72. List the prime factors of c.
2, 3
Suppose -2*x - 20 = -u, -4*u + x - 3*x = -40. Let t be (-30)/u*(-8)/10. List the prime factors of (t/(-5))/(2/(-90)).
2, 3
Suppose o - w = 1 + 7, -2*w + 8 = 4*o. Suppose -3 = 3*c, 0 = -r - 2*c - 1 - o. Let d(x) = 3*x**2 + x. List the prime factors of d(r).
2, 3
Let o(z) = -z + 2. Let f be o(-4). Let b = f + 5. Let q = 21 - b. What are the prime factors of q?
2, 5
What are the prime factors of 1*3514/(-21)*-3?
2, 251
What are the prime factors of 2/(-7) + 228510/105?
2, 17
Suppose 0 = -3*b + 3 + 1227. What are the prime factors of b?
2, 5, 41
Suppose 8*s - 3489 = 6399. List the prime factors of s.
2, 3, 103
Let p be -15 - 1*(2 + -3). Let i = p - -27. Let f = i + -1. List the prime factors of f.
2, 3
Let t(g) = g**2 - 6*g + 2. Let b(p) = p**2 - 7*p + 3. Let c(m) = 3*b(m) - 4*t(m). Let i be c(3). Suppose 3 = r - i. List the prime factors of r.
2
Let k be -5 - -1 - (-18 + -1). Suppose y + 2*r - 54 = 53, k = -3*r. What are the prime factors of y?
3, 13
Suppose -4*l - g - 16 = 51, g - 61 = 4*l. Let q = 156 + l. List the prime factors of q.
2, 5, 7
Let z be (-2)/7 - 76/28. What are the prime factors of (-1)/((-57)/18 - z)?
2, 3
Let g = -1680 + 2470. What are the prime factors of g?
2, 5, 79
Let h be (-2)/16 - (-4 + (-339)/24). Let u = 65 - h. List the prime factors of u.
47
Suppose 4*l + 87 - 472 = -p, -4*p = -2*l - 1522. What are the prime factors of p?
3, 127
Let z be (2/4)/((-1)/(-8)). List the prime factors of 1/(4/1376*z).
2, 43
Let z be 3 + (-4 - -4) + 29. Suppose 28*g - z*g + 1056 = 0. What are the prime factors of g?
2, 3, 11
Suppose 5*t = 4*k - 223, 3*k = 3*t + 15 + 150. Suppose -17*x + 6*x + 22 = 0. Suppose a + k = x*a. What are the prime factors of a?
2, 13
Suppose -6*u + 5 = -13. Suppose 0 = u*n + 4*n - 539. What are the prime factors of n?
7, 11
Let s be (-69)/(-1) - (0 + 0). Let d be 1/((12/s)/4). Suppose 2*o + 2*o + 59 = 3*l, l + 2*o = d. List the prime factors of l.
3, 7
Let g = 38 - 37. List the prime factors of -5 + g + 4 + 45.
3, 5
Let h = 21 + -21. Suppose h = -2*r + l + l + 156, l = -4*r + 337. Let i = 136 - r. List the prime factors of i.
53
Let q(v) = 16*v + 2. Let x be q(3). Suppose x = 5*d - 5. List the prime factors of d.
11
Let w(h) = -h**2 - 19*h + 34. List the prime factors of w(-8).
2, 61
Let k(o) = 2*o**3 + o**2 - 85*o - 7. List the prime factors of k(12).
31, 83
Let c(y) be the second derivative of y**5/8 - y**4/24 + y**3/2 - 4*y. Let g(h) be the second derivative of c(h). List the prime factors of g(2).
29
Let v(l) = -l**3 - 9*l**2 - 9*l - 3. Let n be v(-8). Let h be (-530)/(-6) + n/(-15). Let u = h + -58. List the prime factors of u.
2, 3, 5
Let p = -4297 + 7914. What are the prime factors of p?
3617
Let a be 308/(-8)*5*6/15. Let k = 114 + a. List the prime factors of k.
37
What are the prime factors of -183*(-10 - (-7 - -6))?
3, 61
Suppose 4*x = -3*x + 49. Let f(u) = -u**2 + 7*u - 8. Let p be f(x). What are the prime factors of 95/2 - 4/p?
2, 3
Let m = -20 + 36. Suppose 3*z = -z - m. Let f = z - -33. List the prime factors of f.
29
Suppose 7*h - 3*h = 24. Let d(m) = -m**3 + 6*m**2 - 11*m - 6. Let o be d(h). Let i = 121 + o. List the prime factors of i.
7
Let c be 2 - (1 - -3)/1. List the prime factors of ((-12)/8 + (-219)/6)/c.
19
Let n be 4/7 + (-78)/14. List the prime factors of 260/6 + n/15.
43
Suppose 0*x = i - 3*x - 61, 3*x + 122 = 2*i. Let j = i + -34. Let y = j - 9. List the prime factors of y.
2, 3
Suppose -t = -4*h - 0*t + 38, -4*h + 2*t + 36 = 0. Suppose h - 2 = 2*w. Suppose 9 = -w*y - 3*d + 85, -2*d - 95 = -5*y. What are the prime factors of y?
19
Let n(b) = 41*b + 40. List the prime factors of n(9).
409
Suppose 0 = 8*n - 17 - 47. Suppose 13*f - 780 = n*f. List the prime factors of f.
2, 3, 13
Let k(u) = -6*u + 3. Let o be k(-3). Let z be ((-31)/3)/((-7)/o). Suppose -j + 3 = -z. List the prime factors of j.
2, 17
Let t be (-1439)/2 - (-2)/(-4). Suppose -40*f - 5*g + 21 = -42*f, 0 = g - 3. What are the prime factors of (t/54)/(2/f)?
2, 5
Let c = 2430 + -1401. What are the prime factors of c?
3, 7
Suppose -10*z + 2059 + 2941 = 0. What are the prime factors of z?
2, 5
Suppose -2*w = 2*f - 288, 0 = f + f + 3*w - 290. Suppose -f - 86 = -12*n. List the prime facto